d(-18).
3, 5
Suppose 9 = 6*m - 3*m. Let p(k) = -3*k**2 + k - 5. Let q(l) = -l**2 - 2. Let u(t) = -3*p(t) + 7*q(t). What are the prime factors of u(m)?
2, 5
Suppose 0 = 2*z - 0*z - 56. What are the prime factors of z?
2, 7
Suppose y + v - 9 = 0, 2*y = -y - 2*v + 32. List the prime factors of y.
2, 7
Let l be 7/(-14)*(1 + -5). Suppose 3*h = 4*r + 4, -4*r - h + l*h + 4 = 0. What are the prime factors of r?
2
Let d be ((-2)/4)/(2/(-20)). Suppose -h = -2*g, 0*g + d = -g - 2*h. List the prime factors of 5*(g/5 - -1).
2
Let h be (-6 - -6)*1/2. Suppose f + 3*f - 40 = h. What are the prime factors of f?
2, 5
Let z(n) = n**2 + 6*n. Let k be z(-6). Suppose -3*m + 58 + 14 = k. List the prime factors of m.
2, 3
Let a(l) = l + 8. Let u be a(-8). Suppose u*n + 4 = -n. Let k = n - -6. List the prime factors of k.
2
Let k = -7 + 13. List the prime factors of (52/(-6))/(k/(-9)).
13
Suppose 5*j - 53 = 562. List the prime factors of j.
3, 41
Suppose q = -q. Let c be (-1 + 0)/(1/(-10)). Suppose q = f - c. What are the prime factors of f?
2, 5
Let b be (4 + -1 - 4) + 23. Suppose 3*g = 5*z - b, -z + 6 = -g + 2*g. List the prime factors of z.
5
Let d = 8 - -2. Suppose 0 = -m + 58 - d. What are the prime factors of m?
2, 3
Let j be ((-8)/6)/(4/(-6)). Let i(t) = t**2 - t - 1. Let h be i(3). Suppose j + h = o. List the prime factors of o.
7
Suppose 0 = 4*v - 474 - 470. List the prime factors of v.
2, 59
Suppose 3*q - 8 = -5*n, 2*n - 4*q + q + 1 = 0. List the prime factors of (3/6)/(n/38).
19
Let j be -3 + 1 + (-8 - -14). Suppose j*w - 43 - 13 = 0. What are the prime factors of w?
2, 7
Let l(u) = u**2 - 2. Let g = -3 + 5. Let k be l(g). Suppose 3*x = -3*j + 9, 3*j + k*x = -2*j + 12. List the prime factors of j.
2
Suppose -3*w = -76 + 7. List the prime factors of w.
23
Suppose -3*p + 5 + 4 = 0. Let t be 28/6 - 2/p. Let m = t - -2. List the prime factors of m.
2, 3
Suppose 4*x = 5*n - 4, 0 = x + 3*n - 8 - 8. Let k = 1 + x. Suppose 4*q = -3*f - 0*q, 17 = k*f + q. What are the prime factors of f?
2
Suppose -3*f - 4 = f. Suppose 0 = -o - 2*b + 9, 0 = -4*o + 3*b + 34 - 9. List the prime factors of (f - 2)/(-3)*o.
7
Suppose 0 = -6*k + k + 2*y + 302, -4*k + 268 = 5*y. What are the prime factors of k?
2, 31
Let m be (-4)/(-12) - (-64)/6. Suppose -m = -4*i + 5. Suppose i*p - 2*p - 22 = 0. List the prime factors of p.
11
Let a(t) = -1 - 5 - 2 + 2 + 4*t. List the prime factors of a(4).
2, 5
Let l be (-5 + 3)/((-4)/26). Let u = 27 - l. List the prime factors of u.
2, 7
Let m(p) = -2*p + 3. Let q be m(5). Let l = -1 - q. List the prime factors of l.
2, 3
Let k = 20 - -26. What are the prime factors of k?
2, 23
Let h(j) = -j. Let a be h(-1). Let r be -2 + 3 - (a + -2). Suppose r*q - 2*z + 2 = 0, -q - z - 13 = -5*z. List the prime factors of q.
3
What are the prime factors of (41 - 2) + (-6)/3 + 3?
2, 5
Suppose o + g = 0, 4*o - 2*g = o - 20. Let j = -1 - o. Suppose 0 = -2*f - l + 5*l + 38, -j*l = f + 1. List the prime factors of f.
11
Let l be (-2 - -1)/(2/(-6)). Suppose 4*v - 88 = -3*z, -5*v - 15 = l*z - 104. Suppose 3*s + z = 5*s. List the prime factors of s.
2, 7
Let k(j) = j**2 - 4*j + 1. Let t(f) = -f**3 + 2*f + 2. Let o be -1 + -2 - -1 - 0. Let m be t(o). What are the prime factors of k(m)?
13
Let u be ((-217)/(-28))/((-2)/8). Let n = u - -49. What are the prime factors of n?
2, 3
Let d(p) = -2*p - 2. Let q be d(2). List the prime factors of (-2)/q + (-1162)/(-42).
2, 7
Suppose -10*h - 464 = -1174. List the prime factors of h.
71
Suppose 3*l = 2*k - 4*k + 33, l = -5*k + 63. Suppose 0*r = -2*r + k. What are the prime factors of 46/6 - 4/r?
7
Suppose -v + z + 19 = -3*v, -2*v + 3*z - 7 = 0. Let d = v + 16. List the prime factors of d.
2
Let y(b) = b**3 + 4*b**2 - 2*b + 3. Let p be y(-5). Let a = 35 + p. Let z = a + -8. List the prime factors of z.
3, 5
Suppose 2*v + 0 = -6. Let l(g) = -2*g - 2. What are the prime factors of l(v)?
2
Let o(s) = s**2 + s + 1. Let u be o(0). Let m = 5 - u. Suppose -g + 3 = -3*t + 9, m*g = 3*t + 3. What are the prime factors of g?
3
Suppose -12*i + 10*i = -4. Let r(z) = -z**3 + 3*z**2 + 1. Let x be r(i). Suppose -x*a + 7 = -18. What are the prime factors of a?
5
Let l(m) = m**2 + 12*m + 12. Let k be l(-10). Let y = k - -13. Suppose 4*r + 3*v = 20, -r - 24 = -y*r - 4*v. What are the prime factors of r?
2
Suppose -19 = z - 4*g, -5*z = -0*g - g + 19. Let n(o) = -3*o - 3. What are the prime factors of n(z)?
2, 3
Let q(g) = 2*g + 13. Let x be q(-6). Suppose -5 = -o - x. What are the prime factors of o?
2
Suppose 4*h - 238 = m - 3*m, -217 = -4*h + 5*m. Suppose -3*f + h = 2*y, 0 = 2*f + y + 20 - 60. What are the prime factors of f?
2, 11
Suppose 3*u - 4*h = -u, -u - 3*h = 0. List the prime factors of (-2*2)/(-2) - u.
2
Let a = 38 - -37. Suppose 3*z = -2*t + 58, 3*t + a = 4*z + 8*t. List the prime factors of z.
2, 5
Let i be (0 - 0) + (1 - -1). Let a be -45*(-1 - (-2)/3). Suppose -i*j + a = j. What are the prime factors of j?
5
Let m = 8 - 6. Suppose -72 = -m*n - 0. Suppose -2*j + 3*v + n = -14, v + 4 = 0. What are the prime factors of j?
19
Suppose 0 = -i + 1 + 12. List the prime factors of i.
13
Let k = -13 + 23. Suppose k*f = 5*f + c + 29, -f = 4*c - 10. Suppose f = 3*z - 18. List the prime factors of z.
2
Suppose 125*h + 28 = 127*h. What are the prime factors of h?
2, 7
Let w(g) = 3*g + 4. Let u be w(-3). Let l(j) = j**2 + 2*j + 2. What are the prime factors of l(u)?
17
Let m(f) be the first derivative of 2*f**2 - 1. List the prime factors of m(1).
2
Let k(u) = -138*u**3 - u**2 - 2*u. List the prime factors of k(-1).
139
Suppose f + 4*i + 128 = 5*f, -126 = -4*f + 5*i. List the prime factors of f.
2, 17
What are the prime factors of 724/8 + 3/2?
2, 23
Suppose 2*o = -2*o + 220. Let m(j) = 2*j - 13. Let g be m(8). Suppose -2*u + o = g*u. List the prime factors of u.
11
Suppose -122 = -14*r + 12*r + h, 0 = -3*r - 2*h + 197. List the prime factors of r.
3, 7
Suppose -2*q = -5*q + 12. What are the prime factors of q?
2
Let t = 427 - 263. What are the prime factors of (-6)/15 + t/10?
2
Let f = 34 + -104. Let c = f + 100. What are the prime factors of c?
2, 3, 5
Suppose 0 = 4*b - b. Suppose -1 - 3 = -i - s, b = -3*i + 5*s + 44. List the prime factors of i.
2
Let t(w) = 3*w - 6*w + 4*w + 21 - w**2. What are the prime factors of t(0)?
3, 7
Let i = -31 - -67. Suppose 5*y + 4*r - i = 13, -2 = -2*r. List the prime factors of y.
3
Let l(a) = 4*a**2 + a + 7. Suppose -4*t - 13 = -0*v - 5*v, -3*v = -15. What are the prime factors of l(t)?
2, 23
Suppose m = -m + 4. Suppose j - 42 = -m*j. List the prime factors of j.
2, 7
What are the prime factors of 1/3*2 + (-536)/(-6)?
2, 3, 5
Let v(o) = 2*o - 8. Let g be v(5). What are the prime factors of (0 + g)*5*2?
2, 5
List the prime factors of (0/3)/2 - (-24)/3.
2
Suppose i + 3*t = 5, -4 - 121 = -5*i + 5*t. List the prime factors of i.
2, 5
Let w be 5*2*(-1 - 0). Let q be 4/w - 4/(-10). Suppose h + h = 3*a + 15, -4*h - 5*a + 41 = q. List the prime factors of h.
3
Let p be 28 + (1 - 0 - 2). Let n(a) = -a**2 - 6*a. Let j be n(-3). Let g = p - j. List the prime factors of g.
2, 3
Let n(g) = g**3 + 8*g**2 + 7*g + 2. What are the prime factors of n(-7)?
2
Let s(x) = x**3 - 6*x**2 - 6*x - 5. Let k be s(7). What are the prime factors of 5 + (-1 - (k + 0))?
2
Suppose 8 = 4*x - 0. Suppose -3*y = -2*t + 81, 0 = 2*t - x*y - 89 + 13. List the prime factors of t.
3, 11
Suppose -2*y = -3*p - 3*y + 169, 222 = 4*p + 2*y. Suppose -2*l = -4*m - 0*l + 82, 2*l = -3*m + p. What are the prime factors of m?
2, 5
Let m = 148 - 76. List the prime factors of m.
2, 3
Suppose 0*t + 2*i + 47 = 5*t, -i = 5*t - 59. Suppose -4*f - t + 75 = 0. What are the prime factors of f?
2
Suppose -2*k + 20 = 5*v, 2*k = 4*v + 28 + 28. Suppose -k = -2*y - 0*y. What are the prime factors of y?
2, 5
Let b(a) = a**2 + 8*a - 8. Let y be b(-7). Let u = -5 - y. List the prime factors of u.
2, 5
Let g = 0 - -3. Suppose 0 = g*f - f - 26. What are the prime factors of f?
13
Let k(t) = 11*t - 12. List the prime factors of k(7).
5, 13
Let v = 11 + -6. Suppose 0 = -2*c + v*c - 9. List the prime factors of c.
3
Let k = -4 + 10. What are the prime factors of k?
2, 3
Let b be (-384)/27 + (-4)/(-18). Let m = -4 - b. What are the prime factors of m?
2, 5
Let t be (3/2)/((-1)/(-2)). Suppose 3